{"id":96,"date":"2021-02-15T09:09:02","date_gmt":"2021-02-15T07:09:02","guid":{"rendered":"https:\/\/rhrsaarikoski-fi.hel6.wp-cloud.dev\/?page_id=96"},"modified":"2021-02-15T13:10:53","modified_gmt":"2021-02-15T11:10:53","slug":"__trashed-6","status":"publish","type":"page","link":"https:\/\/rhrsaarikoski.fi\/","title":{"rendered":"Yritys"},"content":{"rendered":"<p>[et_pb_section fb_built=&#8221;1&#8243; _builder_version=&#8221;4.9.0&#8243; _module_preset=&#8221;default&#8221; hover_enabled=&#8221;0&#8243; sticky_enabled=&#8221;0&#8243;][et_pb_row _builder_version=&#8221;4.9.0&#8243; _module_preset=&#8221;default&#8221; column_structure=&#8221;1_4,1_2,1_4&#8243; hover_enabled=&#8221;0&#8243; sticky_enabled=&#8221;0&#8243;][et_pb_column _builder_version=&#8221;4.9.0&#8243; _module_preset=&#8221;default&#8221; type=&#8221;1_4&#8243;][et_pb_image src=&#8221;https:\/\/rhrsaarikoski-fi.hel6.wp-cloud.dev\/wp-content\/uploads\/2021\/02\/Kuva16-1.jpg&#8221; _builder_version=&#8221;4.9.0&#8243; _module_preset=&#8221;default&#8221; title_text=&#8221;Kuva16&#8243; hover_enabled=&#8221;0&#8243; sticky_enabled=&#8221;0&#8243; custom_padding=&#8221;||2px|||&#8221; width=&#8221;100%&#8221;][\/et_pb_image][et_pb_image src=&#8221;https:\/\/rhrsaarikoski-fi.hel6.wp-cloud.dev\/wp-content\/uploads\/2021\/02\/IMG-20191106-WA0002.jpg&#8221; _builder_version=&#8221;4.9.0&#8243; _module_preset=&#8221;default&#8221; title_text=&#8221;IMG-20191106-WA0002&#8243; hover_enabled=&#8221;0&#8243; sticky_enabled=&#8221;0&#8243;][\/et_pb_image][\/et_pb_column][et_pb_column _builder_version=&#8221;4.9.0&#8243; _module_preset=&#8221;default&#8221; type=&#8221;1_2&#8243;][et_pb_text _builder_version=&#8221;4.9.0&#8243; _module_preset=&#8221;default&#8221; hover_enabled=&#8221;0&#8243; sticky_enabled=&#8221;0&#8243; header_2_font=&#8221;Poppins||||||||&#8221; header_2_font_size=&#8221;41px&#8221; header_2_line_height=&#8221;1.5em&#8221; text_font=&#8221;Poppins||||||||&#8221;]<\/p>\n<h2><span style=\"font-size: 28px;\"><strong><span style=\"font-family: Andika, sans-serif;\">RHR Saarikoski Oy<\/span><\/strong><\/span><\/h2>\n<p><span style=\"font-size: large; font-family: Andika, sans-serif;\">RHR Saarikoski Oy on perustettu vuonna 1989 ja se tarjoaa rakennuspalveluita alusta loppuun asti. Hoidamme siis vaikka koko rakennusprojektin tai vaikka vain osan siit\u00e4.\u00a0 Meill\u00e4 on vuosien kokemus rakennus- ja remontointialalta. Meilt\u00e4 saatte aina asianmukaista laadusta tinkim\u00e4t\u00f6nt\u00e4 palvelua.<\/span><\/p>\n<p><span style=\"font-size: large; font-family: Andika, sans-serif;\">T\u00e4m\u00e4n hetkisist\u00e4 t\u00f6ist\u00e4mme kohdistuu noin 60% kevytelementtiasennuksiin ja niihin liittyviin pellityst\u00f6ihin.<\/span><\/p>\n<p><span style=\"font-size: large; font-family: Andika, sans-serif;\">Olemme my\u00f6s toimineet p\u00e4\u00e4urakoitsijan roolissa vuosien varrella.<\/span><\/p>\n<p><span style=\"font-size: large; font-family: Andika, sans-serif;\">Yrityksemme pystyy joustavaan ja nopeaan toimintaan.<\/span><\/p>\n<p><span style=\"font-size: 16px;\">\u00a0<\/span><\/p>\n<p>[\/et_pb_text][\/et_pb_column][et_pb_column _builder_version=&#8221;4.9.0&#8243; _module_preset=&#8221;default&#8221; type=&#8221;1_4&#8243;][et_pb_image src=&#8221;https:\/\/rhrsaarikoski-fi.hel6.wp-cloud.dev\/wp-content\/uploads\/2021\/02\/IMG-20191126-WA0012.jpg&#8221; _builder_version=&#8221;4.9.0&#8243; _module_preset=&#8221;default&#8221; title_text=&#8221;IMG-20191126-WA0012&#8243; hover_enabled=&#8221;0&#8243; sticky_enabled=&#8221;0&#8243;][\/et_pb_image][\/et_pb_column][\/et_pb_row][\/et_pb_section][et_pb_section fb_built=&#8221;1&#8243; _builder_version=&#8221;4.9.0&#8243; _module_preset=&#8221;default&#8221;][\/et_pb_section]<\/p>\n","protected":false},"excerpt":{"rendered":"<p>RHR Saarikoski Oy RHR Saarikoski Oy on perustettu vuonna 1989 ja se tarjoaa rakennuspalveluita alusta loppuun asti. Hoidamme siis vaikka koko rakennusprojektin tai vaikka vain osan siit\u00e4.\u00a0 Meill\u00e4 on vuosien kokemus rakennus- ja remontointialalta. Meilt\u00e4 saatte aina asianmukaista laadusta tinkim\u00e4t\u00f6nt\u00e4 palvelua. T\u00e4m\u00e4n hetkisist\u00e4 t\u00f6ist\u00e4mme kohdistuu noin 60% kevytelementtiasennuksiin ja niihin liittyviin pellityst\u00f6ihin. Olemme my\u00f6s toimineet [&hellip;]<\/p>\n","protected":false},"author":1,"featured_media":0,"parent":0,"menu_order":0,"comment_status":"closed","ping_status":"closed","template":"","meta":{"_et_pb_use_builder":"on","_et_pb_old_content":"","_et_gb_content_width":"","footnotes":""},"class_list":["post-96","page","type-page","status-publish","hentry"],"_links":{"self":[{"href":"https:\/\/rhrsaarikoski.fi\/index.php?rest_route=\/wp\/v2\/pages\/96","targetHints":{"allow":["GET"]}}],"collection":[{"href":"https:\/\/rhrsaarikoski.fi\/index.php?rest_route=\/wp\/v2\/pages"}],"about":[{"href":"https:\/\/rhrsaarikoski.fi\/index.php?rest_route=\/wp\/v2\/types\/page"}],"author":[{"embeddable":true,"href":"https:\/\/rhrsaarikoski.fi\/index.php?rest_route=\/wp\/v2\/users\/1"}],"replies":[{"embeddable":true,"href":"https:\/\/rhrsaarikoski.fi\/index.php?rest_route=%2Fwp%2Fv2%2Fcomments&post=96"}],"version-history":[{"count":4,"href":"https:\/\/rhrsaarikoski.fi\/index.php?rest_route=\/wp\/v2\/pages\/96\/revisions"}],"predecessor-version":[{"id":246,"href":"https:\/\/rhrsaarikoski.fi\/index.php?rest_route=\/wp\/v2\/pages\/96\/revisions\/246"}],"wp:attachment":[{"href":"https:\/\/rhrsaarikoski.fi\/index.php?rest_route=%2Fwp%2Fv2%2Fmedia&parent=96"}],"curies":[{"name":"wp","href":"https:\/\/api.w.org\/{rel}","templated":true}]}}